= 101, 5 = d. Calculate the greatest common divisor of t and 120.
24
Suppose h + 172 = -2*k - 4, 4*k = -3*h - 524. Let a = 238 + h. What is the greatest common divisor of a and 18?
6
Suppose 5*a + 2*g - 211289 = 5*g, -4*a - 4*g + 169012 = 0. Suppose -6847 = 29*z - a. What is the highest common divisor of 33 and z?
33
Let y = 2563 + -1599. What is the highest common factor of y and 4?
4
Let l be 33/594 - (-575)/18. Let b be (4/(-6))/((-2)/432). Calculate the greatest common factor of b and l.
16
Let z = -646 + 2354. Let a be (-21)/14*(-504)/27. Calculate the greatest common factor of a and z.
28
Suppose -2*a + 307 = -5*p, 4*a - 5*p - 700 = -111. What is the greatest common divisor of 9 and a?
3
Let h(c) = 3*c**2 + 12*c + 5. Let q be h(-2). Let t(o) = 2*o**2 + 4*o + 14. Let u be t(q). What is the highest common divisor of u and 28?
28
Suppose -5*j - 648 = -4*k, -42*j = 4*k - 45*j - 632. Calculate the highest common factor of 1292 and k.
76
Let p(f) = 3*f + 4. Let z be p(-2). Let w be -6*2*z/12*2. Suppose 0 = a - h - 113, 0 = 2*a + 3*h - w*h - 225. What is the highest common divisor of a and 28?
28
Suppose 4*p = p + 816. Suppose -10*q = 6*q - p. Let g(f) = 4*f**2 + 6*f - 3. Let o be g(4). Calculate the highest common factor of o and q.
17
Let c be 27/6 + (-2)/(-4). Suppose 9*p + 276 - 294 = 0. Calculate the highest common divisor of p and c.
1
Let q = -31 - -19. Let h be (-84)/(-2) - q/(-6). Let s = 404 + -304. What is the greatest common factor of h and s?
20
Let m(p) = 7*p - 4*p + 0*p - 6*p + 61. Let s be m(18). Calculate the highest common divisor of 3 and s.
1
Let s be (2 - 9)*(-26 - 25). What is the highest common factor of s and 84?
21
Let f be (9 - 5) + (5 - 0) + -1723. Let g = 2491 + f. What is the highest common factor of 74 and g?
37
Let x = 536 - 386. Let y = -90 + x. Calculate the greatest common factor of y and 340.
20
Suppose 18 = 2*v - 20. Let y be ((-36)/(-6))/(-6)*v*-1. What is the greatest common factor of 209 and y?
19
Let s be (-57)/(-266) + (-1156998)/(-84). What is the greatest common divisor of 142 and s?
142
Suppose -3*p + 4*c + 1985 + 351 = 0, 3*p - 5*c = 2338. Calculate the highest common divisor of p and 8.
8
Let c = 45 - 29. Let w(g) = 4*g + 5*g + 14 + 15*g + g**3 - 15*g**2 - 36*g. Let m be w(c). Calculate the greatest common factor of m and 26.
26
Let s = 120 - 71. Let v be (-3)/((-63)/228) - (-7)/s. Let h(q) = 8*q - 7. Let y be h(5). Calculate the greatest common divisor of y and v.
11
Suppose -97 = -7*g + 113. Suppose -6493 - 4652 = -27*q + 600. Calculate the greatest common divisor of q and g.
15
Suppose 0 = 16*h - h - 75. Let x(o) = -67*o + 353. Let u be x(h). Suppose -2*v + 44 - 11 = 3*p, -4*p = 3*v - 45. What is the highest common factor of u and p?
9
Let o(q) = -q**2 + 19*q - 46. Let l be o(16). Suppose -l*r = -195 - 169. What is the highest common factor of r and 52?
26
Suppose -23*j + 19*j - 2*w = -7698, -2*j + 7*w + 3857 = 0. Calculate the highest common factor of 220 and j.
55
Let p be (407/(-22))/(-1 - 3/(-6)). Suppose -3*v + p - 40 = 0. Let f be (-3 - -4) + v + 56. Calculate the highest common divisor of 7 and f.
7
Suppose -u - 68 = -3*u + 4*l, 2*l + 148 = 4*u. Suppose 5*v - 20 = 265. What is the greatest common divisor of v and u?
19
Suppose -18 = -101*z + 98*z. Suppose -4*c + 1150 = -p, z*p + 1431 = 5*c + 8*p. What is the greatest common factor of c and 164?
41
Let v be ((-1410)/(-1645))/((-3)/(-49)). Calculate the highest common factor of 602 and v.
14
Let a be 584*41 - (-11 - (-16 - -13)). What is the highest common divisor of 48 and a?
48
Suppose -v = -14*v + 52. What is the greatest common factor of v and 1048?
4
Let b(a) = -a - 4. Let m = -61 + 72. Let r be b(m). Let f = r + 18. Calculate the greatest common divisor of f and 2.
1
Suppose -7*f + 9*f = 2*k + 86, -3*f = -k - 47. Let s = k + 48. Calculate the greatest common factor of s and 112.
7
Let n(u) = -3*u**3 - 4*u**2 - 2*u - 6. Let l be n(-3). Suppose 0 = 4*d - 19 - l. Suppose d = o - 10. What is the highest common divisor of 13 and o?
13
Let g be -31 + 29 + -1*4. Let i be (g/8)/(273/(-498316)). Calculate the greatest common divisor of i and 37.
37
Suppose -5*r + 1438 + 122 = 0. Calculate the greatest common factor of 65 and r.
13
Let w = 79 - 77. Suppose -2*x = 4*r + 14, w*r - x = -3*r - 28. Let t be (-4)/r - (-123)/15. Calculate the highest common divisor of t and 63.
9
Suppose 0 = z - 2*l - 42, -2*z + 4*l + 78 = 2*l. Suppose 38*y - 248 = z*y. Calculate the highest common divisor of y and 93.
31
Let t = 4118 - 2733. What is the highest common divisor of t and 15?
5
Let d be 8/(-6)*(-31 + 1). Let r(v) = 8*v + 82. Let n be r(-8). Suppose -3*h = n - 318. What is the greatest common divisor of d and h?
20
Let q(a) = 150*a**2 - 253*a + 3471. Let f be q(14). What is the highest common factor of f and 278?
139
Suppose 3*s - 68 - 607 = 0. Let o(r) = 7*r**3 + 717*r**2 + 309*r + 315. Let c be o(-102). What is the greatest common factor of c and s?
9
Suppose -455 - 475 = -20*h + 390. What is the greatest common factor of h and 54?
6
Suppose 5*v = -129*q + 130*q - 2696, 0 = 4*q - 4*v - 10912. Calculate the highest common divisor of q and 1224.
72
Let p(k) = -347*k - 57598. Let r be p(-166). Suppose -5*x - 4*y + 232 = -y, 0 = x - 4*y - 28. What is the highest common divisor of r and x?
4
Let p = 8651 - 8616. Calculate the greatest common divisor of 265 and p.
5
Let g = 1220 + -931. What is the greatest common divisor of 17 and g?
17
Let t = -2 - -6. Let c be -2 - -7*(-18)/(-21). Suppose -c*d + 172 = t*s, 5*d + 0*s - 3*s - 175 = 0. What is the greatest common divisor of d and 133?
19
Let y be 4/22 + (-430)/(-55). Let i be y + -5 - (-1 - -28). Let q = 28 + i. What is the highest common divisor of q and 20?
4
Let b(f) = -3*f**2 + 403*f + 14. Let a be b(18). What is the greatest common divisor of 16 and a?
8
Let r(g) = 2*g**2 + 34*g - 597. Let o be r(12). Calculate the greatest common divisor of o and 264.
33
Let q be 19034/(-186)*150/(-2). Calculate the highest common divisor of q and 25.
25
Let k be 6/4*104/78. Suppose x - k*u = 54, 20*u - 186 = -4*x + 22*u. Calculate the greatest common factor of x and 352.
44
Let v(s) = s**3 - 23*s**2 + s - 19. Let u be v(23). Suppose -u*o = -13*o + 2232. Calculate the greatest common divisor of o and 31.
31
Suppose -2*d - 6*o + 4*o + 30 = 0, 0 = -4*d + 4*o + 20. Let s be 180*(-4 - (-18)/4). Calculate the greatest common factor of d and s.
10
Let d(z) = 1249*z - 8039. Let q be d(7). What is the highest common divisor of 187 and q?
11
Suppose 2*v - 7*v = 0. Suppose -p + 29 - 23 = v. Let d = 39 - 31. What is the greatest common divisor of d and p?
2
Let h(c) = 1261*c - 4953. Let d be h(4). Calculate the highest common divisor of 1183 and d.
91
Suppose -59*g = -31344 - 35562. What is the highest common divisor of g and 2?
2
Let b = 6921 + -6415. Calculate the greatest common divisor of b and 598.
46
Suppose 9*j + 510 = 14*j. Let n = 114 - j. What is the greatest common factor of n and 24?
12
Let a(j) = j + 2. Let w be a(1). Let l(m) = m**2 - 12*m - 18. Let h be l(14). Let n be 1 + (-5)/(h/(-4)). Calculate the highest common divisor of w and n.
3
Let c(p) = 5*p + 10. Let f be c(8). Suppose -17*y + 12*y = 5. Let n be (0 + -2)/y - -3. Calculate the greatest common divisor of n and f.
5
Let o(k) = -k**3 + 4*k**2 + 4*k - 4. Let z be o(4). Let s(d) = 3*d**2 - 43*d - 48. Let g be s(18). Calculate the greatest common factor of g and z.
6
Let g = -4 + 8. Suppose g*i - 75 = -i + 5*c, 4*i - 2*c = 54. Let s be (-22 - -22) + 6/(5 - 2). What is the highest common factor of i and s?
2
Let r(m) = m**2 - 21*m + 68. Let d be r(17). Suppose 230 = o - 2*j, 4*j = -o - d*j + 200. Calculate the greatest common factor of 40 and o.
20
Let p(k) = 78*k - 6596. Let m be p(98). Calculate the highest common factor of m and 2227.
131
Let b be (2205/(-12))/(63/4704*-14). What is the highest common factor of b and 3185?
245
Suppose 22*t + 29700 = 66*t - 11*t. Calculate the greatest common factor of t and 84.
12
Let z = -270 + 397. Suppose 0*v = 3*i + 2*v - z, -4*i + v = -184. What is the greatest common divisor of 15 and i?
15
Let l be 147/84*(429 + -1). Suppose -8*p - l = 195. Let c = -58 - p. Calculate the greatest common factor of c and 15.
15
Let l